 when 33 is divided by 6.
3
What is the remainder when 29744 is divided by 197?
194
What is the remainder when 16 is divided by 15?
1
What is the remainder when 1514 is divided by 80?
74
Calculate the remainder when 296 is divided by 211.
85
What is the remainder when 473 is divided by 159?
155
Calculate the remainder when 241 is divided by 58.
9
Calculate the remainder when 4262 is divided by 31.
15
What is the remainder when 270 is divided by 34?
32
Calculate the remainder when 46 is divided by 19.
8
Calculate the remainder when 368 is divided by 7.
4
What is the remainder when 1450 is divided by 66?
64
What is the remainder when 175 is divided by 36?
31
What is the remainder when 411 is divided by 89?
55
Calculate the remainder when 1883 is divided by 42.
35
What is the remainder when 625 is divided by 11?
9
Calculate the remainder when 307 is divided by 71.
23
What is the remainder when 450 is divided by 19?
13
Calculate the remainder when 242 is divided by 35.
32
What is the remainder when 788 is divided by 128?
20
Calculate the remainder when 446 is divided by 50.
46
What is the remainder when 102 is divided by 53?
49
What is the remainder when 318 is divided by 40?
38
Calculate the remainder when 264 is divided by 43.
6
What is the remainder when 23994 is divided by 28?
26
Calculate the remainder when 458 is divided by 41.
7
What is the remainder when 498 is divided by 46?
38
Calculate the remainder when 496 is divided by 63.
55
Calculate the remainder when 207 is divided by 43.
35
What is the remainder when 452 is divided by 64?
4
What is the remainder when 88 is divided by 85?
3
Calculate the remainder when 245 is divided by 211.
34
What is the remainder when 69847 is divided by 22?
19
Calculate the remainder when 88 is divided by 6.
4
What is the remainder when 111 is divided by 5?
1
What is the remainder when 95 is divided by 12?
11
Calculate the remainder when 2003 is divided by 34.
31
Calculate the remainder when 197 is divided by 194.
3
Calculate the remainder when 4096 is divided by 1361.
13
What is the remainder when 198 is divided by 8?
6
What is the remainder when 152 is divided by 80?
72
Calculate the remainder when 3821 is divided by 955.
1
What is the remainder when 181 is divided by 35?
6
Calculate the remainder when 137 is divided by 30.
17
Calculate the remainder when 66 is divided by 37.
29
Calculate the remainder when 316 is divided by 25.
16
Calculate the remainder when 1214 is divided by 64.
62
What is the remainder when 447 is divided by 163?
121
What is the remainder when 425 is divided by 31?
22
What is the remainder when 88 is divided by 21?
4
What is the remainder when 330 is divided by 271?
59
What is the remainder when 12794 is divided by 37?
29
What is the remainder when 6488 is divided by 21?
20
Calculate the remainder when 304 is divided by 6.
4
Calculate the remainder when 554 is divided by 75.
29
What is the remainder when 426 is divided by 18?
12
Calculate the remainder when 170 is divided by 83.
4
Calculate the remainder when 406 is divided by 97.
18
What is the remainder when 426 is divided by 27?
21
Calculate the remainder when 252 is divided by 16.
12
Calculate the remainder when 5998 is divided by 48.
46
What is the remainder when 171 is divided by 10?
1
What is the remainder when 843 is divided by 77?
73
Calculate the remainder when 926 is divided by 16.
14
Calculate the remainder when 485 is divided by 25.
10
What is the remainder when 5068 is divided by 15?
13
Calculate the remainder when 76 is divided by 26.
24
What is the remainder when 15481 is divided by 28?
25
Calculate the remainder when 1306 is divided by 131.
127
Calculate the remainder when 5240 is divided by 8.
0
What is the remainder when 4367 is divided by 46?
43
What is the remainder when 442 is divided by 23?
5
What is the remainder when 61 is divided by 16?
13
What is the remainder when 88 is divided by 45?
43
What is the remainder when 208 is divided by 45?
28
What is the remainder when 113 is divided by 30?
23
Calculate the remainder when 251 is divided by 87.
77
Calculate the remainder when 260 is divided by 87.
86
What is the remainder when 446 is divided by 90?
86
Calculate the remainder when 41 is divided by 15.
11
What is the remainder when 335 is divided by 41?
7
Calculate the remainder when 274 is divided by 28.
22
What is the remainder when 838 is divided by 84?
82
What is the remainder when 740 is divided by 108?
92
Calculate the remainder when 101 is divided by 7.
3
What is the remainder when 82 is divided by 14?
12
Calculate the remainder when 125 is divided by 8.
5
Calculate the remainder when 43 is divided by 8.
3
Calculate the remainder when 25 is divided by 9.
7
What is the remainder when 1283 is divided by 12?
11
Calculate the remainder when 1818 is divided by 74.
42
Calculate the remainder when 480 is divided by 158.
6
What is the remainder when 3948 is divided by 52?
48
Calculate the remainder when 227 is divided by 18.
11
Calculate the remainder when 788 is divided by 28.
4
What is the remainder when 3925 is divided by 19?
11
Calculate the remainder when 147 is divided by 38.
33
Calculate the remainder when 85 is divided by 6.
1
What is the remainder when 989 is divided by 22?
21
What is the remainder when 167 is divided by 71?
25
What is the remainder when 1039 is divided by 65?
64
What is the remainder when 102 is divided by 36?
30
Calculate the remainder when 1128 is divided by 2.
0
What is the remainder when 379 is divided by 376?
3
What is the remainder when 654 is divided by 99?
60
What is the remainder when 701 is divided by 18?
17
What is the remainder when 273 is divided by 65?
13
Calculate the remainder when 771 is divided by 244.
39
What is the remainder when 8 is divided by 5?
3
What is the remainder when 1533 is divided by 20?
13
What is the remainder when 2657 is divided by 330?
17
What is the remainder when 1241 is divided by 429?
383
Calculate the remainder when 81 is divided by 57.
24
Calculate the remainder when 1348 is divided by 137.
115
What is the remainder when 53 is divided by 9?
8
What is the remainder when 852 is divided by 95?
92
What is the remainder when 155 is divided by 78?
77
What is the remainder when 165 is divided by 30?
15
Calculate the remainder when 978 is divided by 137.
19
Calculate the remainder when 201 is divided by 126.
75
Calculate the remainder when 73 is divided by 24.
1
Calculate the remainder when 2003 is divided by 26.
1
Calculate the remainder when 70 is divided by 5.
0
Calculate the remainder when 102 is divided by 95.
7
What is the remainder when 799 is divided by 9?
7
What is the remainder when 130 is divided by 44?
42
Calculate the remainder when 3719 is divided by 15.
14
Calculate the remainder when 213 is divided by 98.
17
What is the remainder when 203 is divided by 9?
5
Calculate the remainder when 28 is divided by 8.
4
What is the remainder when 1343 is divided by 182?
69
What is the remainder when 323 is divided by 21?
8
What is the remainder when 5662 is divided by 298?
0
Calculate the remainder when 234 is divided by 80.
74
What is the remainder when 460 is divided by 29?
25
What is the remainder when 367 is divided by 172?
23
What is the remainder when 2315 is divided by 233?
218
Calculate the remainder when 7768 is divided by 96.
88
Calculate the remainder when 209 is divided by 52.
1
Calculate the remainder when 135 is divided by 32.
7
What is the remainder when 5484 is divided by 229?
217
What is the remainder when 104 is divided by 40?
24
Calculate the remainder when 1266 is divided by 421.
3
Calculate the remainder when 1358 is divided by 21.
14
Calculate the remainder when 1395 is divided by 683.
29
What is the remainder when 6308 is divided by 162?
152
What is the remainder when 313 is divided by 15?
13
Calculate the remainder when 121 is divided by 6.
1
Calculate the remainder when 510 is divided by 266.
244
Calculate the remainder when 286 is divided by 10.
6
What is the remainder when 2085 is divided by 132?
105
Calculate the remainder when 8887 is divided by 70.
67
What is the remainder when 1296 is divided by 320?
16
Calculate the remainder when 278 is divided by 231.
47
What is the remainder when 134 is divided by 55?
24
What is 